ded by 12?
9
Let q(n) = 32*n - 105. Calculate the remainder when q(16) is divided by 34.
33
Let g be 16/28 + 972/14. Let t = g + -47. What is the remainder when 68 is divided by t?
22
Let p = 380 + -290. Suppose 19 - 171 = -2*k. Let a = k - 53. Calculate the remainder when p is divided by a.
21
Calculate the remainder when (-2510)/(-25) - 2/5 is divided by 15.
10
Let b = 49 + -39. Let z be b/25*345/(-3). Let u = z - -89. What is the remainder when u is divided by 11?
10
Suppose -q = 17 + 9. Suppose -16*r - 67 = 29. Let i = r - q. Calculate the remainder when 78 is divided by i.
18
Suppose 10*m - 76 = 104. What is the remainder when 69 is divided by m?
15
Suppose -5*d + 53 = -12. Let y = 17523 - 17459. Calculate the remainder when y is divided by d.
12
Let o(d) be the first derivative of -d**4/4 - 5*d**3/3 + 3*d**2/2 - 3*d - 42. What is the remainder when 89 is divided by o(-6)?
14
Let y(i) = -i**3 + 3*i**2 - 2. Let w be y(2). Suppose -w*u - 20 = -68. Calculate the remainder when u is divided by 9.
6
Suppose 25 = 2*v - 29. Suppose -37 = -2*l + v. What is the remainder when 62 is divided by l?
30
Let r = -201 - -367. Calculate the remainder when r is divided by 28.
26
Suppose -32 = -0*b - 4*b. Let r = -13 - -73. Let i = r - 22. What is the remainder when i is divided by b?
6
Let g = 113 + -115. What is the remainder when 19 is divided by 422/38 + g/19?
8
Suppose -22*g + 18*g = -240. Suppose g = 53*n - 49*n. Calculate the remainder when 28 is divided by n.
13
Let s = -171 - -183. Let n = -5 + 13. Calculate the remainder when (-1)/(-4) - (-166)/n is divided by s.
9
Let a = 22 + 9. Let y(c) = -7*c + 2. Let g(n) = -2*n + 4. Let x be g(3). What is the remainder when a is divided by y(x)?
15
Let t = 580 - 70. Suppose -5*m - 5*u = -205, 3*m = 2*u + 129 - 26. Calculate the remainder when m is divided by ((-2)/13 + t/(-65))*-1.
5
Suppose 2*x - l = 6*x + 85, -5*l - 25 = 0. Let f = x - -54. Calculate the remainder when f is divided by 10.
4
What is the remainder when 120 is divided by (-3 - 1) + (11 - 2) - -36?
38
Let n = -57 + 67. Let w(g) = 2*g - 4. What is the remainder when (2 + (-8)/3)*-93 is divided by w(n)?
14
Let t(z) = -26*z. Let a be t(-3). Suppose -2*j + 2*f + 5 + 79 = 0, 0 = -2*j - 4*f + a. Suppose 5 - j = -4*p. What is the remainder when 23 is divided by p?
5
Suppose -g + 15 = -3*c, 3*c = 3*g - 0*c - 15. Suppose g*q = -2*q - 4, -5*w + 73 = -4*q. What is the remainder when (0 + -1 + -37)/(-1) is divided by w?
12
Suppose 6*j - 5 = 11*j. Suppose -50 = -3*t + t. Calculate the remainder when 2 + (69 - (j - 0)) is divided by t.
22
Let j(a) = a + 8. Let d be j(-4). Let r(s) = 10*s**3 - 2*s**2 + 2. Calculate the remainder when r(2) is divided by 2 + -1*d - -21.
17
Let g = -251 + 262. What is the remainder when 97 is divided by g?
9
Suppose -2*y - y = -3*r + 6, r - 12 = -4*y. Calculate the remainder when 6 is divided by r.
2
Let g = -30 + 33. Suppose -g*y + 107 = 20. What is the remainder when y is divided by 16?
13
Suppose -2*r + 6*r = 400. Suppose 0*l - 4*l = -r. Suppose 5*f = -4*g + 281, -g - 4*g = 5*f - 355. Calculate the remainder when g is divided by l.
24
Let m be (-7)/(-28) + (-6)/(-8). Let n be 1/3*-4*-3. Suppose m = -n*r + 29. Calculate the remainder when 26 is divided by r.
5
Suppose -2*n + 150 = -64. Calculate the remainder when n is divided by 32.
11
Let h be ((-4)/6)/(3/9). Suppose 38*p = 105*p - 1407. What is the remainder when (81/h)/((-1)/2) is divided by p?
18
Let v be 4/(-12)*8*(-3)/2. Suppose r + 27 = 5*f + 1, -v = -f - r. Calculate the remainder when -1 + 0 - (-8)/1 is divided by f.
2
Suppose -3*y + 3872 - 1312 = -4*s, 0 = 7*s - 14. What is the remainder when y is divided by 22?
20
Let o(l) = 2*l**2 + 9*l + 3. Let q(m) = 3*m**2 - m - 4. Suppose -i - 2 = -3*t, 4*i - t + 6*t - 26 = 0. Calculate the remainder when q(i) is divided by o(-6).
19
Suppose 0 = 2*a - 3*h - 49, -5*h + 43 = 2*a + 2*a. Calculate the remainder when 77 is divided by a.
9
Suppose 3*p = -6, 0 = -3*h + 5*p + 82 + 96. Calculate the remainder when 160 is divided by h.
48
Let u(o) be the first derivative of o**4/4 + o**2/2 - 9*o + 11. Let r(s) be the first derivative of u(s). What is the remainder when 4 is divided by r(-1)?
0
Suppose 7*j - 245 = 2*j. Suppose 0 = 3*y - 49 - 5. What is the remainder when j is divided by y?
13
Suppose -10 = -0*k - 5*k. Let v(m) = 5*m**2 + m + 8. Let q(g) = -8*g**2 - 3*g - 17. Let h(d) = 3*q(d) + 5*v(d). What is the remainder when k is divided by h(6)?
0
Let p be 3*(-4 + 32/6). Suppose 103 - 43 = p*t. Let b(m) = -m + 42. What is the remainder when b(0) is divided by t?
12
Let a be 4/(-6) - (-242)/(-6). Let y = a - -69. Suppose -3*g = -g - 3*x - 106, -53 = -g - x. What is the remainder when g is divided by y?
25
Suppose -2*a - 3 = -a + 4*z, -2*z + 21 = 3*a. Let f = -19 - -69. Suppose 0 = 2*t + 16 - f. Calculate the remainder when t is divided by a.
8
Let c(a) be the first derivative of -a**4/4 - 2*a**3 + 4*a**2 + 12*a + 7. Let j be c(-7). Calculate the remainder when 35 is divided by 9*3/(j + -2).
8
Let l = 510 + -476. What is the remainder when l is divided by 9?
7
Let h(l) = 6*l**2 + 2*l + 4. Suppose 4 = a, -3*k - a - 2*a = -6. Let q = 5 + 8. What is the remainder when h(k) is divided by q?
11
What is the remainder when 3 is divided by -6*(-8)/(-16) + 2*2?
0
Suppose 7*i + 43 = 169. Suppose 4*d + 38 = -4*j - 6, 5*j = -2*d - 67. Let s = i + j. Calculate the remainder when 4 is divided by s.
1
Let u(j) = -11*j - 1. Let p be u(-1). Let b = 7 - p. Calculate the remainder when 23 - (3 - -3)/b is divided by 14.
11
Let i(j) = 13*j**2 - 1. Let k be i(1). Let p = k - 8. Suppose -c + 313 = 5*h + 102, p*c = -16. Calculate the remainder when h is divided by 15.
13
Suppose 3*i - 3*z + 8*z = 78, 4*z = 5*i - 130. Calculate the remainder when i is divided by 5 - (-1 - (1 - 3)).
2
Let g(p) = -p**2 + p + 5. Let u be g(6). Let z = u - -104. What is the remainder when z is divided by 40?
39
Suppose -5*x + w = -187, 0*w = -3*x + 2*w + 115. Suppose -3*v - 2*v + 420 = -m, 0 = 5*m + 25. Let u = v + -63. What is the remainder when x is divided by u?
17
Let i = 38 + -23. Suppose 0 = 4*f - 3 + i. Let j = f + 34. What is the remainder when j is divided by 17?
14
Suppose -k + 75 + 14 = 0. What is the remainder when k is divided by 30?
29
Suppose 4*d - 82 = -2*s, -2*d + 64 = 5*s - 125. Calculate the remainder when 145 is divided by s.
34
Suppose 3*v - 6 = 3*z + v, 2*z + v = -4. Let w be z/6 + 52/12. Suppose w*a - 56 = -2*h, 0 = -2*a + 4 + 2. What is the remainder when h is divided by 12?
10
Suppose 24 = 8*x - 5*x. Suppose 5*h + 9*v = 4*v - 55, 3*v = 3*h + 15. Let t = h - -31. Calculate the remainder when t is divided by x.
7
Calculate the remainder when 120 is divided by (-120)/(-6) - (1 - -6).
3
Suppose 0 = 2*l - 118 + 12. What is the remainder when 157 is divided by l?
51
Suppose 42 = 5*s - 38. What is the remainder when (-2619)/(-24) - 2/s is divided by 37?
35
Suppose 0 = 3*i - 6, -2*a + 13 + 29 = -2*i. Let l(t) = 2 - 6*t + 2*t**2 + 0 + a*t**3 - 22*t**3. Calculate the remainder when l(4) is divided by 19.
17
Suppose 4*u + 2*u - 846 = 0. Suppose 5*q - 230 = -2*g, 4*q + 158 = 3*g - u. Calculate the remainder when g is divided by 9.
6
Let h = -496 - -526. What is the remainder when 177 is divided by h?
27
Suppose -2*l = -2*r + 44, -2*l - 3*r = 3*l + 102. Suppose o - 14 = 14. Let c = o + l. Calculate the remainder when 18 is divided by c.
4
Suppose 0 = -806*x + 822*x - 816. Calculate the remainder when x is divided by 8.
3
Suppose 35 = -2*c + 23. Let w = c + 37. What is the remainder when 90 is divided by w?
28
Calculate the remainder when (-3 + 1)/(60/(-2790)) is divided by 7.
2
Suppose -5*g + 77 = 4*a + 26, 9 = g + 2*a. Calculate the remainder when g is divided by 7.
4
Suppose f - 10 = 5*p - 78, -2 = -f. Suppose -73*v + 540 = -37*v. What is the remainder when v is divided by p?
1
Let c = -642 - -667. Calculate the remainder when 84 is divided by c.
9
Suppose 32 = -f + 3*f. Suppose -g = 5*y - 61, 4*g - y = -6*y + 199. Suppose -17 = -u + g. Calculate the remainder when u is divided by f.
15
Let w(l) = -l + 7. Let x be w(5). Suppose -4 = x*u, 0 = 5*b + 2*u - 0*u - 246. Calculate the remainder when b is divided by 17.
16
Suppose 0 = -5*s - 211 + 2621. Suppose -7*p =